 3)*(-1 + 22).
18
Let r = -28608 - -28649. What is the remainder when 943 is divided by r?
0
Let h(y) = y**2 - 8*y - 3. Let l be h(9). Suppose 3*k - 189 = -l*k. Suppose 2*q = -q + k. Calculate the remainder when 32 is divided by q.
4
Let r be (-3 + -1)*250/(-8). Let h = r + -58. Let x = -126729 + 126755. Calculate the remainder when h is divided by x.
15
Let o = -119 - 136. Suppose 3*c - 48 = -33. Calculate the remainder when o/34*(-4)/c is divided by 4.
2
Let l be (520/(-24))/(2/6). Let g be (-1)/(-2) + 438/4. Let j = l + g. What is the remainder when j is divided by 17?
11
Suppose -288*c + 3 = -287*c. Suppose c*n + n - 196 = 0. What is the remainder when n is divided by 10?
9
Let l = 3315 + -3034. What is the remainder when l is divided by 44?
17
Let q = 23589 + -21328. Calculate the remainder when q is divided by 189.
182
Suppose 4*j - 4*o = j + 248, 5*o = 4*j - 330. Suppose -15*i + 410 - 1325 = 0. Let h = j + i. Calculate the remainder when h is divided by 8.
3
Suppose 0 = c + 4*p - 56, 5*c + 4*p - 110 = 106. Calculate the remainder when 395 is divided by c.
35
Calculate the remainder when 459 - -45*(-3)/15 is divided by 65.
60
Let d = -261 - -263. What is the remainder when 359 is divided by d?
1
Suppose 2*t = 3*g + 175, g = -3*t + 4*g + 261. Let z = t - 51. Calculate the remainder when z is divided by 18.
17
Let v = -63 - -115. What is the remainder when (-49 - -48)/((-2)/386) is divided by v?
37
Suppose -47 = -2*i + 39. Let z(u) = u**2 - 11*u - 40. Let j be z(14). Suppose 60 = 3*q + j*q. Calculate the remainder when i is divided by q.
7
Let k(i) = 6*i + 158. Let n be -25 + 4 - (-5 - -1)/(-4). Calculate the remainder when 101 is divided by k(n).
23
Let s(b) = -b + 34. Let c(z) = -7*z - 68. Let o = 17 - 31. Let w be c(o). What is the remainder when 11 is divided by s(w)?
3
Let a(y) = -5*y**2 + 25*y - 87. Let l(u) = -9*u**2 + 51*u - 176. Let w(f) = 7*a(f) - 4*l(f). Calculate the remainder when 61 is divided by w(3).
10
Suppose -5*h - 3*s = -119 - 196, 0 = -3*h - s + 185. What is the remainder when 2155 is divided by h?
55
Calculate the remainder when 2721 is divided by ((347264/(-192))/((-4)/(-2)))/(4/(-12)).
8
Suppose -x = n - 75, 0 = -7*n + 6*n - 4*x + 81. Calculate the remainder when 1750 is divided by n.
71
Suppose 0 = y + 4*z - 100, -4*y + 4*z = -3*y - 100. Let l be 45/(-30)*6 - -65*1. Let f = y - l. Calculate the remainder when f is divided by 23.
21
Let j = -124 - -128. Suppose 4*o + 2*y + 20 = 210, -4*o = j*y - 192. What is the remainder when o is divided by 10?
7
Suppose 745*c = 749*c - 28. What is the remainder when 253 is divided by -64*(13/(-91))/(2/c)?
29
Suppose 9*b = -0*b + 2*b. Suppose 2*s - 5*i - 19 = -b*s, -4*i = -3*s + 32. What is the remainder when 34 is divided by s?
10
Suppose -2*l = 4*p - 172, -9*p - 3*l + 132 = -6*p. Let z(f) = -3*f**2 + 29*f + 4. What is the remainder when p is divided by z(9)?
20
Suppose 0*z + 5*z - 5*b = 5, 0 = 4*z + 5*b - 31. Suppose 0 = -z*g + 35 + 125. What is the remainder when 357 is divided by g?
37
Let k(t) = 5*t - 26. Suppose 0*f - 5*f + 30 = 0. Let q be k(f). Suppose q*d + 5*b - 32 = 24, -b + 72 = 4*d. What is the remainder when 36 is divided by d?
17
Let w = -4885 + 5622. Calculate the remainder when w is divided by 9.
8
Let s = -69 - -97. Let n(d) be the first derivative of d**4/4 - 6*d**3 + d**2/2 - 31. What is the remainder when s is divided by n(18)?
10
Suppose -4*m = 2*h - m - 211, 3*m - 9 = 0. Let a(o) = -622*o + 25528. What is the remainder when h is divided by a(41)?
23
Calculate the remainder when 1572 is divided by (-119*20/170)/(0 - (-4)/(-6)).
18
Let s = -337 - -401. Let a = s - 22. What is the remainder when 154 is divided by a?
28
Suppose -5*r + 33*r + 17*r - 7290 = 0. Suppose -4*k - 11 = 5. What is the remainder when r is divided by -3 - -1 - 68/k?
12
Let l(d) = 0*d**3 + d**3 - 10*d - 6*d**2 - 6 + 30*d - 12*d. Let o be -2 - (-7*2)/2. What is the remainder when 32 is divided by l(o)?
5
Suppose 2 = -2*c + 8. Suppose -b - c - 9 = 0. What is the remainder when 21 is divided by (b/3)/8*-22?
10
Suppose -5 = -w - 4. Let n(q) be the third derivative of 3*q**5/20 - q**4/24 + 2*q**2. Calculate the remainder when 30 is divided by n(w).
6
Let h = -568 + 615. Suppose 2*q = 5*b - 34, 6*b + 5*q - h = 2*b. What is the remainder when 28 is divided by b?
4
Suppose c - 4*y - 3 = 0, -862*y = 3*c - 866*y - 41. What is the remainder when 4882 is divided by c?
18
Suppose -17 - 270 = -9*x + 19. What is the remainder when 193 is divided by x?
23
Suppose 18035 = 132*d - 35161. Calculate the remainder when d is divided by 109.
76
Suppose 31*m = -35*m + 209 + 6259. Calculate the remainder when 2159 is divided by m.
3
Let l = 506 - 282. Calculate the remainder when l is divided by 123/9*((-1)/1 + 4).
19
Let z = 23444 + -21193. What is the remainder when z is divided by 61?
55
What is the remainder when 5/(-7 - (2/(-54))/(3/570)) is divided by 53?
29
Suppose -439 = 3*l - 2*f, l = -2*l + 3*f - 441. Let g = 289 + l. What is the remainder when g is divided by 21?
18
Let f = -2982 - -3001. Calculate the remainder when 1556 is divided by f.
17
Suppose 9*i + 105 = 24*i. Calculate the remainder when 67 is divided by (6/(-14) - 25/i) + 32.
11
Suppose 108 = -5*g + 8*g. Let z be (-84)/15 + (-2 - (-39)/15). Calculate the remainder when g is divided by 13*(z + 2)/(-3).
10
Suppose -2161*y + 2164*y + n - 424 = 0, 0 = -3*y + 2*n + 430. Calculate the remainder when y is divided by 9.
7
Suppose -14 + 2 = -2*c. What is the remainder when 1976/16 - c/4 is divided by (-250)/(-60)*(9 - 3)?
22
Suppose 0 = -2*b + 3*w + 35, -5*b + 0*w - w = -45. Let o be ((-135)/b)/(-1 + (-3)/(-4)). Suppose -3*v = -o + 30. What is the remainder when 55 is divided by v?
7
What is the remainder when 218 is divided by -2*(1 + -9 + (-6 + 10 - 57))?
96
Let k(h) = h - 16. Let n = 10 - 3. Let t be k(n). Let i(p) = p**2 + 6*p + 10. What is the remainder when 71 is divided by i(t)?
34
Suppose -5*i - 3*t = -232, -i + 0*t + 46 = t. Let w(g) = -g + 28. Let n be (2 - 2/10)*(6 - -4). Calculate the remainder when i is divided by w(n).
7
Let z be 405 + ((-2)/(-3) - (-64)/(-24)). Let f = z - 194. What is the remainder when f is divided by 30?
29
Let n = -14115 - -14360. What is the remainder when 1946 is divided by n?
231
Let y(q) = 2*q**3 + 35*q**2 - 43*q - 439. What is the remainder when 1671 is divided by y(-18)?
10
Let n(h) = -8*h - 3. Suppose -4*g + x = -91, -5*g + 4*x - 68 = -7*g. What is the remainder when n(-12) is divided by g?
21
Suppose -j + 6*j + 4*r - 569 = 0, 0 = -j + 3*r + 110. Suppose 0*a + 106 = 3*m - 2*a, 4*m + 3*a - j = 0. Calculate the remainder when 123 is divided by m.
27
Let q be (-2)/(4/(-528)*-3). Let z = 81 + q. Calculate the remainder when 25 is divided by 55/4 - (z + 5)/8.
11
Suppose 2904 = -27*m + 31*m - 4*t, 2*m + 2*t - 1480 = 0. What is the remainder when m is divided by 109?
79
Let h be 1*(-6)/21*-7. Suppose 5*n + 2*t = n + 42, 51 = h*n - 5*t. Calculate the remainder when 21 is divided by n.
8
Let i = 5333 + -563. What is the remainder when i is divided by 37?
34
Suppose -2*g - 1035 = 7*g. Let y = g + 114. Calculate the remainder when 67 is divided by y/(-2) - 105/(-6).
13
Suppose 23*k - 12877 = -4827. Suppose -k = -33*o - 53. What is the remainder when 125 is divided by o?
8
Suppose u + 21142 = 3*p, -41*p + 46*p + 2*u - 35233 = 0. Calculate the remainder when p is divided by 172.
167
Suppose -m + 5*g + 0 + 37 = 0, -3*m + 5*g = -61. Let a(b) = -3*b + 79. Let v be a(-6). Let z = v - 90. Calculate the remainder when m is divided by z.
5
Suppose 4*o - 4009 + 1225 = 0. Calculate the remainder when o is divided by 121.
91
Let y(m) = 24*m**3 - 7*m**2 - 1. Let i be y(-2). Let d = i + 223. What is the remainder when ((-45)/(-10))/(1/2) is divided by d?
1
Let w(d) = -d**3 + 19*d**2 - 15*d - 5. Let i = -301 - -319. Let z = 16 + -3. Calculate the remainder when w(i) is divided by z.
10
Suppose -25*k = -624 + 1553 - 5629. Calculate the remainder when k is divided by 43.
16
Suppose -3*b = g - 3*g - 930, 12 = -4*g. What is the remainder when b is divided by 4/3 - 209/(-57)?
3
Let y(l) = 2*l**2 + 14*l. Let k be y(-16). Suppose 0 = -3*h - 9*h + k. Calculate the remainder when 69 is divided by h.
21
Suppose x = 2, 2*p + 5*x = -1 + 15. Let